 - 180*h + 22544. What is w(85)?
19
Let a(w) = 3*w**3 - 21*w**2 - 348*w - 594. Calculate a(-2).
-6
Let o(i) = i**2 - 38*i + 123. Give o(11).
-174
Let f(m) = -8*m**3 - 15*m**2 - 176*m - 457. Calculate f(-3).
152
Let w(f) = -3020*f - 582861. Calculate w(-193).
-1
Let g(c) = c**3 - 180*c**2 + 707*c - 613. What is g(176)?
-85
Let o(r) = 4*r**3 - 81*r**2 + 7*r + 86. Give o(20).
-174
Let p(f) = 9254*f + 823589. Give p(-89).
-17
Let c(t) = 183*t + 1620. Give c(10).
3450
Let o(n) = -5502*n + 75. Calculate o(0).
75
Let d(y) = 16*y**2 - 1325*y - 342. Give d(83).
-93
Let p(n) = -315*n - 3702. Calculate p(-12).
78
Let n(f) = -4*f**2 - 12185*f + 36594. Determine n(3).
3
Let l(m) = m**3 - 16*m**2 - 54*m - 531. Determine l(20).
-11
Let c(u) = 10351*u + 1024743. Give c(-99).
-6
Let z(w) = 3*w**3 + 508*w**2 + 2478*w + 68. Determine z(-5).
3
Let j(o) = o**2 + 174*o + 5771. Determine j(-131).
138
Let w(m) = 2*m**3 + 15*m**2 + 634*m + 6901. Calculate w(-11).
-920
Let a(i) = 400*i**2 + 1818*i - 4. Calculate a(-5).
906
Let z(m) = 7289*m - 14644. Give z(2).
-66
Let t(a) = -2*a**3 - 87*a**2 - 63*a + 105. Give t(-43).
965
Let m(h) = -968*h - 17898. What is m(-19)?
494
Let d(q) = 10724*q + 353443. Calculate d(-33).
-449
Let j(i) = 767*i + 16127. Give j(-19).
1554
Let y(s) = 1567*s**3 - 27*s**2 + 35*s - 6. Give y(1).
1569
Let a(p) = 2*p**2 + 835*p - 17620. Give a(20).
-120
Let h(k) = 28*k**2 - 2020*k + 11095. What is h(6)?
-17
Let r(j) = -316*j**3 + 12*j**2 + 8*j - 72. Calculate r(2).
-2536
Let o(v) = 3*v**3 - 90*v**2 - 45*v + 627. Calculate o(31).
2115
Let m(b) = 2025598*b + 2025601. What is m(-1)?
3
Let y(o) = -149517*o + 5. What is y(0)?
5
Let s(n) = 4*n**3 + 893*n**2 - 680*n - 1714. Give s(-224).
78
Let p(t) = 3*t**2 - 341*t + 2930. Determine p(105).
200
Let f(x) = 2182*x - 95971. Determine f(44).
37
Let l(n) = -396*n + 6053. Determine l(15).
113
Let h(o) = -19*o**3 - 13*o**2 + 28*o + 87. What is h(4)?
-1225
Let x(f) = -f**2 + 3446*f - 292. Give x(0).
-292
Let b(r) = -r**3 - 21*r**2 - 52458*r - 1154536. Determine b(-22).
24
Let t(u) = 6*u**3 + 151*u**2 + 306*u + 6996. Give t(-25).
-29
Let y(o) = -o**3 + 4*o**2 + 1705*o - 10175. Determine y(6).
-17
Let w(t) = -4*t**2 + 39*t + 229. Determine w(-8).
-339
Let v(t) = 96916*t + 775328. What is v(-8)?
0
Let p(b) = -4181*b - 71023. Calculate p(-17).
54
Let y(s) = -5*s**2 + 309*s - 3046. Determine y(50).
-96
Let a(b) = -2179*b - 4501. What is a(-2)?
-143
Let g(f) = 8*f**3 - 19*f**2 - 6442*f + 19285. Determine g(3).
4
Let u(t) = -112*t - 6791. Calculate u(-29).
-3543
Let s(x) = -2*x**2 + 265*x - 3456. Calculate s(119).
-243
Let p(t) = -4*t**2 - 48*t + 132. Give p(10).
-748
Let j(n) = n**3 + 16*n**2 - 9*n - 18. Calculate j(4).
266
Let x(f) = -310201*f + 3722398. Determine x(12).
-14
Let x(g) = -1014*g - 67648. Give x(-67).
290
Let b(f) = 194811*f + 389670. What is b(-2)?
48
Let f(s) = 7*s**3 + 2*s**2 - 4*s - 65. Determine f(6).
1495
Let x(o) = 4*o**3 - 21*o**2 - 152*o + 53. Calculate x(-6).
-655
Let l(p) = 13961*p - 96589. Determine l(7).
1138
Let k(z) = -z**3 + 6*z**2 - 554*z - 1532. Determine k(0).
-1532
Let f(x) = -2050*x + 37244. What is f(18)?
344
Let k(y) = -215*y - 6201. Determine k(-27).
-396
Let m(t) = -t**2 - 48525*t + 922445. Calculate m(19).
109
Let g(l) = l**3 - 64*l**2 - 5*l + 488. Determine g(64).
168
Let t(u) = -323479*u - 6146097. Calculate t(-19).
4
Let v(q) = -353*q - 135437. Calculate v(-386).
821
Let z(t) = 587*t + 30035. Give z(-51).
98
Let x(r) = -r**3 + 35*r**2 + 826*r - 27795. Determine x(37).
29
Let r(c) = -60*c + 3606. Give r(39).
1266
Let s(l) = -l**3 + 81*l**2 + 521*l - 55. What is s(-7)?
610
Let c(j) = -124*j**3 + 25792*j**2 - 2*j + 407. What is c(208)?
-9
Let r(y) = 20*y**3 + 942*y**2 + 90*y - 366. Determine r(-47).
-178
Let f(g) = -g**3 + 2*g**2 - 16086*g + 48266. Give f(3).
-1
Let v(i) = -i**3 - 692*i**2 - 30910*i + 129. Determine v(-48).
33
Let i(s) = 513*s - 5076. Calculate i(10).
54
Let p(v) = -188*v + 21648. Determine p(116).
-160
Let q(u) = -779*u - 102819. Determine q(-132).
9
Let d(o) = -2*o**3 - 43*o**2 - 93*o + 59. Calculate d(-3).
5
Let z(o) = -3*o**3 - 33*o**2 + 312*o - 527. Determine z(3).
31
Let b(q) = -1501*q - 699470. Determine b(-466).
-4
Let k(f) = -13*f**3 + 45*f**2 - 21*f + 23. Calculate k(3).
14
Let q(z) = -5*z**2 + 3404*z - 78794. Determine q(24).
22
Let g(i) = -i**2 + 339*i - 12. Determine g(0).
-12
Let g(h) = -31*h**3 - h**2 - 377*h + 378. What is g(1)?
-31
Let j(s) = s**2 + 85*s + 928. What is j(-55)?
-722
Let s(u) = -17*u**2 + 115*u - 105. Determine s(7).
-133
Let z(j) = -j**2 - 218576*j + 6339526. Calculate z(29).
-19
Let a(f) = -33*f**2 + 1312*f - 13000. Give a(20).
40
Let m(x) = 6*x**2 + 966*x + 10233. Determine m(-11).
333
Let s(w) = w**2 + 1281*w - 586759. Calculate s(358).
3
Let q(s) = 31377*s - 94136. What is q(3)?
-5
Let r(q) = 1663*q**2 + 38250*q + 19. Determine r(-23).
-4
Let y(x) = 11*x**2 - 774*x + 1457. Determine y(0).
1457
Let w(a) = a**2 + 607*a - 13832. Calculate w(22).
6
Let r(a) = a**3 + 200*a**2 + 1708*a - 2066. Give r(-191).
35
Let i(l) = -9*l**2 + 356*l - 2856. Give i(11).
-29
Let p(d) = -4*d**2 - 973*d - 17870. Calculate p(-20).
-10
Let p(u) = u**3 + 123*u**2 + 418*u + 21298. What is p(-121)?
2
Let q(a) = -454*a**2 + 13590*a - 64. Determine q(30).
-964
Let i(s) = 989*s**2 + 7834*s + 70. Calculate i(-8).
694
Let c(v) = -22*v**3 - 245*v**2 - 61*v - 146. What is c(-11)?
162
Let y(f) = -66*f + 1945. Calculate y(32).
-167
Let j(b) = -50760*b - 36648713. Calculate j(-722).
7
Let w(r) = 5*r**3 - 270*r**2 - 256*r - 747. What is w(55)?
298
Let i(q) = -2580*q + 604. Give i(1).
-1976
Let n(p) = 298*p + 18876. Calculate n(-62).
400
Let v(x) = 23*x**2 + 14504*x + 43520. Calculate v(-3).
215
Let i(y) = 2*y**3 + 24*y**2 + 44*y + 466. Calculate i(-12).
-62
Let h(z) = -2*z**2 - 57*z + 10. What is h(-2)?
116
Let l(z) = -519*z - 55037. Determine l(-106).
-23
Let w(h) = -5*h**3 - 30*h**2 + 105*h + 99. Determine w(3).
9
Let d(t) = -832*t - 377739. Determine d(-454).
-11
Let q(o) = 185*o + 12072. What is q(-67)?
-323
Let b(a) = -11*a**3 + 296*a**2 + 2156*a + 1816. Give b(33).
1
Let o(a) = 4965*a - 605740. Calculate o(122).
-10
Let a(r) = -3*r**3 - 30*r**2 - 89*r + 20. What is a(-4)?
88
Let j(p) = -2*p**2 + 889*p + 81498. Calculate j(-78).
-12
Let h(d) = -3*d**3 + 108*d**2 + 4559*d + 987. Determine h(61).
11
Let u(y) = -241*y**3 + 20*y**2 - y - 22. Determine u(-1).
240
Let x(v) = -v**3 + 104*v**2 - 3148*v + 197610. Calculate x(93).
-15
Let i(a) = 1127*a**2 - 3568*a + 3567. Give i(1).
1126
Let m(p) = 8597*p - 618720. Determine m(72).
264
Let q(x) = -25*x**2 - 77*x - 499. Give q(-7).
-1185
Let c(l) = l**2 - 7516*l - 1424692. Give c(-185).
-7
Let i(n) = 7*n**2 - 69*n + 229. What is i(16)?
917
Let x(f) = -36*f - 10130. What is x(-280)?
-50
Let l(i) = 1157*i - 219506. Determine l(190).
324
Let h(y) = 10196*y - 50983. What is h(5)?
-3
Let a(k) = -3*k**2 - 399*k + 1437891. Give a(-762).
-3
Let r(c) = c**3 - 151*c**2 - 306*c + 110. Give r(153).
110
Let u(h) = 29*h**3 + 413*h**2 + 92*h - 57. What is u(-14)?
27
Let z(y) = -y**2 - 147*y + 172572. Determine z(348).
312
Let n(h) = -2093*h + 23488. Give n(12).
-1628
Let w(n) = 4444442*n - 4444446. Give w(1).
-4
Let l(u) = -603*u**2 - 43*u - 2. What is l(-2)?
-2328
Let p(j) = 707*j + 66434. Determine p(-94).
-24
Let s(n) = n**3 + 20*n**2 - 33*n - 36. Give s(-21).
216
Let b(h) = 13*h**2 - 296*h - 15326. Calculate b(-25).
199
Let b(r) = 7409*r + 540867. Give b(-73).
10
Let o(z) = -z**2 - 45*z + 1285. Calculate o(-61).
309
Let x(n) = 32493*n - 194962. Determine x(6).
-4
Let g(j) = j**2 + 148*j - 9979. Give g(51).
170
Let q(i) = -i**3 - 63*i**2 - 14316*i - 883741. Determine q(-62).
7
Let m(c) = 18*c**2 - 1270*c - 5. Determine m(0).
-5
Let o(p) = p**2 + 1168*p + 9192. Give o(-8).
-88
Let r(f) = 14*f**2 - 3807*f - 4275. Calculate r(273).
-180
Let z(n) = -4*n**2 + 5089*n - 1616532. Give z(659).
-5
Let c(s) = 4*s**2 - 24*s - 133. Calculate c(19).
855
Let k(u) = -2*u**3 - 26*u**2 - 24*u - 11. Determine k(-12).
-11
Let u(s) = 2*s**2 - 157*s + 1717. Calculate u(73).
914
Let o(t) = -1497*t - 30028. Calculate o(-20).
-88
Let f(i) = -1866*i**2 - 11183*i + 3. Give f(-6).
-75
Let p(z) = -92*z**3 - 93*z + 279. Give p(3).
-2484
Let r(o) = -2*o**3 +